 = -1622 + 1685. What is the remainder when 1003 is divided by n?
58
Let l be ((-736)/(-40))/(23/(-25) - -1). Suppose -49 = -2*b + b - 4*p, -l = -5*b - 5*p. Calculate the remainder when b is divided by (3/(-2))/((-3)/24).
9
Let j = -4 - 97. Let b = 133 + j. Suppose -173 = -2*f - 51. What is the remainder when f is divided by b?
29
Let l(g) = 9*g + 250. Let t be l(-27). What is the remainder when (-2)/(t - (-1183)/(-168)) is divided by 17?
14
Suppose 0*c - 7*c = 742. Let g = 145 + c. What is the remainder when 189 is divided by g?
33
Suppose -5*u + 9*u - 48 = 0. What is the remainder when 116 is divided by (1*20)/(u + -10) - 0?
6
What is the remainder when 1459 is divided by (18/4)/((-21)/(-700)) - 16/4?
145
Suppose 5*b - 10*v = -8*v + 5072, 3*b = -5*v + 3099. What is the remainder when b is divided by 246?
34
Suppose 0 = 3*c - 33 - 24. Let i = 19959 - 19952. Calculate the remainder when c is divided by i.
5
Let j(h) = 9*h - 16. Let w be j(6). Suppose 2*p + 8 = -2*u + w, 0 = -4*p - 20. Let k = u + 32. What is the remainder when k is divided by 11?
8
Suppose -t = -2*k + 11, -23 = -5*k + 4*k + 4*t. Suppose k*b + 35 = -4*b. What is the remainder when 16 is divided by 6*b/(-15) + 2?
0
Let s(b) = -b**3 + 4*b**2 - b + 6. Let o be s(4). Suppose -144 = -o*y - 0*v + 4*v, -v = 4*y - 333. Calculate the remainder when y is divided by 6.
4
What is the remainder when 612 is divided by (16 + -13)*(-2755)/(-15) + 0?
61
Suppose -11*l = -23*l + 16*l - 27856. Calculate the remainder when l is divided by 101.
96
Let n = -66 - -48. Let h = n + 68. Suppose -146 = -7*o + h. What is the remainder when 82 is divided by o?
26
Let q(m) = m**2 + m - 4. Suppose 0 = 22*h - 25 - 107. Calculate the remainder when 137 is divided by q(h).
23
Suppose -8 = -3*l + 22. Calculate the remainder when (66 - (92 + -38)) + (-534)/(-2) is divided by l.
9
Let r be 57/(-76) - 99/(-4). What is the remainder when 53 is divided by (-52)/r*-4*3?
1
Let l be 2706/(-13) - (28/26)/(-7). Let b = l - -331. What is the remainder when b is divided by 21?
18
Let j(h) = -3*h - 1. Let d be j(-10). Suppose 0 = 25*y - d*y - 304. Let o = -51 - y. What is the remainder when o is divided by 15?
10
What is the remainder when 1175 is divided by 30/3 + -70 + 102?
41
Let m = 1965 - 107. Calculate the remainder when m is divided by 30.
28
Let w(y) = y**3 - 89*y**2 - 261*y - 827. What is the remainder when w(92) is divided by 52?
33
Suppose -3*q + 90 = -2*n, 2*n - 7*n = -4*q + 127. Calculate the remainder when 5961 is divided by q.
25
Suppose 2*i - 535*c + 539*c - 46 = 0, -i + 20 = c. What is the remainder when (2/4)/(1/62) is divided by i?
14
Let u(f) = 6*f**2 + 4*f - 6. Calculate the remainder when u(6) is divided by 197.
37
Suppose -12 = 24*z - 60. Suppose 4*m - 2*f = 280, 4*m + z*f + 36 = 324. Calculate the remainder when 207 is divided by m.
65
Suppose 0*w - 2*w - 4*a + 5102 = 0, -3*w - a = -7663. Suppose k = -0*k + 223. Calculate the remainder when k is divided by w/45 + (-2)/(-9).
52
Let j(r) = r + 12. Let y(m) = 4*m + 36. Let w(q) = -11*j(q) + 4*y(q). Let s be w(-3). Let o = 8 - s. What is the remainder when 43 is divided by o?
10
Suppose -2*p + 34 = -2. Let v(g) = -16*g + 339. What is the remainder when v(10) is divided by p?
17
Suppose 0 = 13*q - 1108 - 283. Suppose 9*d = 37 + q. What is the remainder when d is divided by 6?
4
Suppose 0 = 5*n - 9 - 6, 5*d + 3*n = 109. Let s = 1051 + -1023. What is the remainder when s is divided by d?
8
Suppose -17*j + 160 = 15*j. Suppose -2*z + 90 = 4*w - 86, j*w - 176 = -2*z. What is the remainder when z is divided by 70?
18
Suppose -18 = 3*j - 0*j. Let p be ((-27)/j)/9*(-1 - -193). Let k = p + -85. Calculate the remainder when 30 is divided by k.
8
Let g(y) = y**2 + 199*y + 7950. Calculate the remainder when g(-149) is divided by 484.
16
Let n(o) = -o**3 - o**2 - 12*o - 18. Let c be n(-7). Let p = -155 + c. Calculate the remainder when p is divided by 53.
46
Let v = -40 - -50. Suppose 0*n + 5*n - 85 = 4*u, 3*n + 3*u - 78 = 0. Calculate the remainder when n is divided by v.
1
Let h be (-3 - 6)/((-3)/(3 - 0)). Let y(j) = -j**3 + 8*j**2 + 10*j + 9. Let g = -2 - -13. Calculate the remainder when y(h) is divided by g.
7
Let j(y) = -52*y + 359. Calculate the remainder when 2077 is divided by j(6).
9
Suppose -64*v - 60*v - 331*v = -1816815. What is the remainder when v is divided by 4?
1
Let w(s) = 735*s - 6498. What is the remainder when w(9) is divided by 22?
7
Suppose 771 - 841 = -7*x. Suppose -3*v - 3*c + 81 = -7*c, -5*v + 135 = -5*c. What is the remainder when v is divided by x?
7
Let t = -28 + 32. What is the remainder when (t - 62/14) + (-3270)/(-35) is divided by 33?
27
Let t = 5 + -8. Let y = 21038 - 21027. Calculate the remainder when 0 + t + 2 + 43 is divided by y.
9
Let o be (56/(-10))/((-1005)/200 + 5). Let l = 348 - o. What is the remainder when l is divided by 18?
16
Let k = 3830 - 3442. Calculate the remainder when k is divided by 65.
63
Let w = 1164 + -428. What is the remainder when w is divided by 361?
14
Let a = -73 - -113. Suppose 9*h - 373 - 220 - 838 = 0. Calculate the remainder when h is divided by a.
39
Suppose -5*y + 40 = -0*y. Let w(t) = -12*t + 76. Let b be w(3). Calculate the remainder when 50/(-15)*(-744)/b is divided by y.
6
Suppose 4*o - 1 - 75 = 4*q, -3*o - 4*q = -57. Calculate the remainder when 66 is divided by o.
9
Let l(r) = -6*r**3 + r**2 - 36*r - 37. Let i be l(-1). Suppose -3*p + i*p = 3*z + 150, -5*z - 144 = -3*p. Calculate the remainder when 635 is divided by p.
52
What is the remainder when 525 is divided by (33/(-99))/(-2 + 1705/855)?
12
What is the remainder when 347 is divided by (-29)/4*(152 + -164)?
86
Suppose -n = -5 - 0. Suppose n*p - 282 - 18 = 0. Let v = 182 + -173. What is the remainder when p is divided by v?
6
Let u be (-2)/5 - (-10)/25. Suppose 8*g - 4*g - 8 = u. Suppose -5*i + 154 = g*i. Calculate the remainder when i is divided by 6.
4
Suppose 26*p = 6857 + 9861. What is the remainder when p is divided by 108?
103
Let o(c) = 21*c**2 - c - 9. Let r be o(-4). Let b = r + -187. Suppose 5*f - 76 = b. Calculate the remainder when f is divided by 12.
8
Suppose 5*b - 5 = 0, 183 = 5*a - 4*b - 143. Calculate the remainder when 1978 is divided by a.
64
Let p be -1 + 5/((-10)/18). Let u(n) = -n**2 - 10*n + 39. What is the remainder when 191 is divided by u(p)?
35
Suppose 729 = -o + 3*o + r, 5*o - 2*r = 1818. Calculate the remainder when o is divided by 77.
56
Let o = -11 - -23. Let v be 8/28 + (-60)/(-35). Suppose 0 = i - p - 2*p - 18, v*i - 2*p - 24 = 0. Calculate the remainder when o is divided by i.
3
Suppose 9*z - 32 = -32. Let l(k) = k**2 - 6*k + 8. Suppose 4*r - 25 - 23 = 0. What is the remainder when r is divided by l(z)?
4
Suppose 3*f + 3*g - 60 = 0, -5*f - 4*g + 541 - 439 = 0. Let c be (-5)/(1 + 10/(-8)). What is the remainder when f/14 - (-5)/((-175)/c) is divided by 1?
0
Suppose 0*x - 8 = -5*a - x, 0 = 4*x + 8. Let o(f) = f + 84. Calculate the remainder when o(-36) is divided by a.
0
Suppose -7*x - 24*x + 1116 = 0. Calculate the remainder when 44 is divided by x.
8
Let a = -1505 - -1610. Let j = -13 + 25. Suppose -5*u - 7*z = -5*z - 60, u = 2*z + j. Calculate the remainder when a is divided by u.
9
Suppose -326920 = -143*h - 53929 + 80219. What is the remainder when h is divided by 615?
10
Let j(y) = 60*y**3 - 3*y**2 + 7*y + 6. What is the remainder when j(4) is divided by 53?
10
Calculate the remainder when 2810/(74 + -76 - (-3 - 1)) is divided by 15.
10
Suppose -5*i = -4*u + 5461, 1364 = -24*u + 25*u - i. What is the remainder when u is divided by 85?
84
Suppose -4*l + 2*r + 442 = 0, -327*l + 451 = -323*l + r. Calculate the remainder when l is divided by 1.
0
Let o = -573 + 567. What is the remainder when 147 is divided by o/14 - 14999/(-371)?
27
Let h(m) = 9 - 21*m + 12 + 20*m**2 - m**3 + 47*m + 17*m. Let x be h(22). Calculate the remainder when 72 is divided by x/((-2)/(-76)*(-6)/3).
15
Let r be 3*(1/(-4))/(9/(-60)). Suppose -3*u + 0*u + 4*o = -294, -507 = -r*u + o. Suppose -u = 5*f - 512. What is the remainder when f is divided by 14?
12
Let m(s) = 3*s**3 + 13*s**2 + 3*s + 4. Let k be m(-4). Suppose k*y = -6*y + 224. What is the remainder when y is divided by 9?
7
Suppose 0 = 22*k - 1894 - 350. What is the rem